*p = -5*a - 87. What are the prime factors of p?
29
What are the prime factors of ((-4017)/9)/((-8)/48)?
2, 13, 103
Let z(p) = p**3 + 3*p**2 - 3*p + 3. Suppose 0 = -4*w - 0*w - 4*j, 3*w - j - 16 = 0. Suppose -w*g + 21 = -11*g. What are the prime factors of z(g)?
2, 3
Let g be 2114/(-105) - 2/(-15). List the prime factors of (16/g)/(14/(-105)).
2, 3
Let i(w) = -86*w**3 - 3*w**2 - 3*w - 1. Let c be (-3)/2 + (-5)/(-10). What are the prime factors of i(c)?
5, 17
Suppose -k = -a - 36 - 42, -3*k - 5*a = -266. Suppose 3*t - w = 4*w + k, 3*t - 4*w = 80. List the prime factors of t.
2, 3
Suppose -2*v - 1 - 25 = -5*k, -5*v + 4*k - 31 = 0. Let g(w) = -w**2 - 10*w + 36. Let n be g(-13). List the prime factors of 4/(-6)*(n + v).
2
Suppose -33079 - 17561 = -40*z. List the prime factors of z.
2, 3, 211
Suppose -384 = -2*i - 46. What are the prime factors of i?
13
Suppose 33*g - 7196 = 29*g. What are the prime factors of g?
7, 257
Suppose 0 = -0*x + 2*x - 4. Suppose v + d = 77, -x*v + v - 2*d + 76 = 0. List the prime factors of v.
2, 3, 13
Let n(f) = -4*f. Let m be n(3). Let i = 12 + m. Suppose -2*r + 9 + 13 = i. What are the prime factors of r?
11
Suppose 0 = 6*c + 207 - 1191. What are the prime factors of c?
2, 41
Suppose p - 5*z - 721 = 0, 0 = -11*p + 13*p + z - 1442. What are the prime factors of p?
7, 103
Let t = 974 + -1461. Let b = -277 - t. What are the prime factors of b?
2, 3, 5, 7
Let k = -265 - -361. What are the prime factors of k?
2, 3
Let a = -191 - -1843. List the prime factors of a.
2, 7, 59
Suppose 0*g - p + 110 = -2*g, 0 = -5*g - 2*p - 293. Suppose -3*w - 20 = 5*n, -3*n + 3*w + 8 = 20. What are the prime factors of (-24)/(-9)*g/n?
2, 19
Let s(t) = 9 + 16*t - 25*t - 3*t - 4*t. What are the prime factors of s(-3)?
3, 19
What are the prime factors of 4 - (-5 + (-33)/(-6))*-32?
2, 5
Suppose 2 = 5*m - 4*m. Suppose -424 = -4*h - 3*v, m*h + h = 5*v + 289. List the prime factors of h.
103
Suppose 2*t - 4*c = 3444, t - c = -637 + 2354. List the prime factors of t.
2, 107
Let z(m) be the third derivative of 0 + 0*m - 1/120*m**6 + 0*m**3 - 1/30*m**5 + 4*m**2 + 1/12*m**4. What are the prime factors of z(-4)?
2, 3
Let b(c) = -c**3 - 7*c**2 + c + 4. Let a be b(-7). Suppose v - 3*r = 0, 0 = -2*v - 4*r + 8 + 2. List the prime factors of 2*(v + a + 14).
2, 7
Let w(b) = -b**3 + 11*b**2 - 9*b - 1. Let o be w(9). Let s = o - 3. List the prime factors of s.
7, 11
Suppose 145 = 4*z + z. Let l = 128 - z. List the prime factors of l.
3, 11
Let z(m) = -m - 8. Let b(d) = -6*d - 2. Let u be b(1). Let o be z(u). List the prime factors of (0 - -4)/(o - -2).
2
Suppose 2*k - 114 = -3*j, -2*j + 4 = -4*k - 88. Let f = j - 2. Suppose -3*a + f = -37. List the prime factors of a.
5
Suppose 4*k = 3*k + 6. Suppose 0 = -3*y + y - k. What are the prime factors of 32/2 + y + 3?
2
Let w(j) = -j + 21. Let x be w(-7). Suppose -33 = -y + x. What are the prime factors of y?
61
Suppose 149 - 1198 = -5*y - z, -4*y = -z - 832. Suppose m + y = -77. List the prime factors of m/(-14) - (-12)/(-28).
2, 5
Let b(z) = -z**3 - 4*z**2 - 12*z - 3. What are the prime factors of b(-6)?
3, 47
Suppose 3*j = 29 + 7. List the prime factors of (-688)/j*(-9)/6.
2, 43
Let i = -72 + 71. What are the prime factors of (-31 - 3)*(i + -1)?
2, 17
Let v(x) = 65*x + 136. What are the prime factors of v(0)?
2, 17
Suppose 2*u = -u + 171. Let i be 1/(7/567) + 6. Let n = i - u. What are the prime factors of n?
2, 3, 5
Let b = 120 + 47. List the prime factors of b + (-3)/(-12)*0.
167
Suppose -4*q + q + 45 = 0. Let d(l) = l**2 - 15*l - 6. Let j be d(q). List the prime factors of (-4)/6 + (-94)/j.
3, 5
Let r(o) = -o**3 - 14*o**2 - 82*o + 7. What are the prime factors of r(-17)?
2, 3, 7
Let a(f) = f**3 + 5*f**2 - 8*f + 29. What are the prime factors of a(6)?
13, 29
Suppose 3*p + i + 33 = 0, 0 = -4*p + 3*p + 3*i - 11. Suppose -m - 1 = -24. Let g = m + p. List the prime factors of g.
2, 3
Let p(w) = 33*w + 3. Let z be p(2). Suppose 9*m = 10*m - z. Let l = 130 - m. List the prime factors of l.
61
Suppose -2*t + 14 = 2*m, 9 = 4*m - 5*m + 3*t. Suppose -16 = -4*r + m*r. What are the prime factors of r?
2
Suppose -5 = -6*w + w, -3*l + 2*w + 1636 = 0. List the prime factors of l.
2, 3, 7, 13
Let r = 1909 - 1256. What are the prime factors of r?
653
Let c be 13/(-65) + 1141/5. Suppose -2*r + 4*i = -c, -2*r + 123 = i - 90. Suppose 0 = -n - 2*v + 20, -v = -0*n + 4*n - r. List the prime factors of n.
2, 7
Let k(j) = 45*j + 4. Let d(r) = 15*r + 1. Let x(f) = 7*d(f) - 2*k(f). Let z = 461 - 457. List the prime factors of x(z).
59
Let o(i) = 76*i - 6. Let y be o(-3). Let g = -137 - y. List the prime factors of g.
97
Let d(h) = h + 3. Let i be d(-3). Suppose 0 = -5*n + 25, i = 3*k + 2*k + 4*n - 95. List the prime factors of k.
3, 5
What are the prime factors of 8253/15 + 186/(-155)?
3, 61
Suppose 0 = 2*y + 2, -3*y = 5*v - 47. Let q = -7 + v. Let w(a) = 2*a. What are the prime factors of w(q)?
2, 3
Let n be 1*(1*0/3 + -1). Let c = 132 + n. List the prime factors of c.
131
Let c(h) = h**2 - 11*h - 10. Let v be c(12). Let p = -8 - -10. Suppose v*x = -2*r + 92, -p*r - 4*x + 47 + 37 = 0. What are the prime factors of r?
2, 5
Suppose 0 = 4*y + 6 - 2. Let q be 1 + 0 - (-1)/y. Suppose 0 = -2*m + 2*h + 46, -5*m - 3*h = -q*h - 99. List the prime factors of m.
3, 7
Suppose o + 4*f - 1373 = 0, -4*f = -33*o + 30*o + 4039. What are the prime factors of o?
3, 11, 41
Let s = 7 + 4. Let r = -5 + s. List the prime factors of r/(-4)*(-56)/12.
7
Let d(m) = 117*m + 497. What are the prime factors of d(5)?
2, 541
Suppose 9*j + 308 = 13*j. Suppose 169 = 2*u + 5*m, -4*u + 5*u - j = -4*m. What are the prime factors of u?
97
Suppose 16*a - 100352 = -40*a. What are the prime factors of a?
2, 7
Suppose 10*z = 12*z - 532. Let k = z - 120. List the prime factors of k.
2, 73
Let n(y) = -114*y - 19. List the prime factors of n(-3).
17, 19
Let n be -16 + 5 + -6 + 4. Let x be 4/(-24) + n/(-6). Suppose -2*f - 74 = -2*z, 4*z + f = x*f + 133. What are the prime factors of z?
2
Let f(b) = -b**2 + 11*b + 3. Let y be (2 + -1)/((-2)/(-44)). Suppose 0 = 4*d - 0*m - 2*m - y, d - 4*m = -12. What are the prime factors of f(d)?
3
Suppose 2*t + 14 = 4*j, -5*t + j - 10 = -4*j. Suppose 5*y = t*x - 335, 85 = x + y + 4*y. List the prime factors of x.
3, 5, 7
Let m = -100 + 180. List the prime factors of (8 + -2)/(12/m).
2, 5
Suppose -3*c - 20 = -4*p - 8*c, -3*p = c - 15. Suppose 2*d + 2*m = 10, 6 = p*d - m - 31. What are the prime factors of d?
7
Let i(z) = 9*z**2 + 3*z - 4. Let g be -1*1 - 22/11. List the prime factors of i(g).
2, 17
Suppose 21 - 117 = -3*i. Let k = i - 24. List the prime factors of k.
2
Let x = -25 + 7. Let y be (4 + 4)*6 - 1. Let z = y + x. List the prime factors of z.
29
Let c = -59 + 33. Let h(x) = -150*x + 75. Let v be h(19). What are the prime factors of 4/c + v/(-39)?
71
Let j be (2/4)/((-1)/(-10)). Let g be (60 - 60)*1*-1. Suppose -j*w + g*w = -270. List the prime factors of w.
2, 3
Let g = -15 - -19. Suppose 0 = -4*a - g*n + 4, 29 = 4*a - 0*a - n. Let p(d) = 4*d + 6. List the prime factors of p(a).
2, 3, 5
Suppose 2*y = 5*a - 9 - 9, 0 = 5*y - 3*a + 64. Let h = -23 - y. What are the prime factors of 14/(-63) + (-101)/h?
11
Let u(y) = y**3 + 18*y**2 - 10*y - 9. Let x be (-2)/((-2)/(-19)) + 1. What are the prime factors of u(x)?
3, 19
Suppose 3*u = g + 134, 4*u + 86 - 278 = -2*g. Suppose 42*t - u*t = -296. What are the prime factors of t?
2, 37
Let r(m) = 1470*m - 46. What are the prime factors of r(3)?
2, 1091
Let a(i) be the second derivative of -i**5/20 - 5*i**4/12 + 3*i**3/2 - 10*i. What are the prime factors of a(-7)?
5, 7
Suppose 5*q - q + 4*v - 52 = 0, -2*v + 2 = 0. Suppose 17*l - 320 = q*l. What are the prime factors of l?
2
Suppose p - 5*p - 2*h + 328 = 0, -8 = -2*h. List the prime factors of p.
2, 5
Let s be ((-14050)/75)/((-2)/3 + 0). Let c = -138 + s. List the prime factors of c.
11, 13
Let m(c) = -c**3 - 15*c**2 - c - 15. Suppose 5*p + 66 + 9 = 0. Let k be m(p). Suppose k*s + 5*s = 105. List the prime factors of s.
3, 7
Let o = 12 + -7. Suppose o = 5*v - 35. Suppose 4*h = v + 24. What are the prime factors of h?
2
Suppose -3*d = -3*z + 12, -1 = 5*z + d - 3. Suppose -2*m - z = -7. What are the prime factors of (-256)/(-6) - m/(-9)?
43
Let i = 135 - 